te 42 + -7 + -5 + 0 + 12 + -9.
33
Evaluate -16 - (3 - (-34 + 63)).
10
What is the value of (-25 - (-20 + -9)) + (-18 - (-2 - -1))?
-13
(-37 - (84 + -80 + (-15 - -2))) + 12
-16
(1 + 1 - (-8 - -6)) + 16
20
What is -1 + -54 + 48 + (21 - -4)?
18
What is (-14 - -9) + 12 - 11?
-4
What is the value of 9 - 0 - (-27 + (0 - -19))?
17
Evaluate (2 - -10) + (-8 - -44) + -37.
11
What is the value of 8 + -3 + (7 - -2) + 17?
31
Calculate -8 + 7 - -3 - 3 - -3.
2
-4 + 0 - (-11 + 47 + -10 + -9)
-21
Calculate 6 - (7 - (-9 + 30 + -1 + -6)).
13
What is 4 - (-8 + 19 + (0 - 5))?
-2
(-75 - -95) + (0 - 13)
7
What is -8 + 4 + -1 + -2 - (21 + -23)?
-5
What is the value of -2 + 4 - ((-8 - (2 + 0)) + 10)?
2
Calculate (28 - (-8 + 60)) + 36.
12
4 + -7 + -5 + -3 + 8
-3
Calculate -13 + -2 + 17 + -1 + 3.
4
What is (2 - (0 + 1)) + -14 + (289 - 289)?
-13
(20 - (-1 - -15 - 2)) + (-1 - 4)
3
What is -1 - (-9 - (7 - 20 - 3))?
-8
Evaluate 6 + (1 - 12) - (-5 - (-6 - -5)).
-1
What is the value of -28 + 14 - (26 - 36)?
-4
Evaluate (26 - 0) + -61 + 25.
-10
Evaluate -7 - -3 - -5 - (19 + -32 + 11).
3
Calculate 4 + (0 - 7 - (-13 + -2 + 6)).
6
15 - (-11 - -14) - 6
6
-5 + (-23 - -13 - -43)
28
Calculate (-8 - (-19 - -4)) + 0.
7
(-340 - -318) + -2 + (-3 - -12)
-15
What is 1 + (0 - (-3 - 1) - 11) + -6?
-12
Evaluate 7 + 1 - (39 + -41).
10
-23 + 15 + 1 + (2 - 0)
-5
2 - (25 + -35) - 30
-18
Evaluate 5 - (0 - -5) - -16.
16
What is the value of -8 + (5 - (4 - -7)) + 0?
-14
Evaluate 78 + -25 + -17 - 22.
14
What is the value of (-1 - (3 - -4)) + -8?
-16
(-4 - 0) + (9 - 36) + (-67 - -77)
-21
What is the value of 21 + 13 - 7 - 17?
10
What is 9 + (270 - 304) + (0 - -13)?
-12
0 + (-5 + -7 - (7 + 3 + -10))
-12
Calculate (-340 - -340) + (32 - (3 - 1)).
30
What is -199 - -190 - (-24 + 1)?
14
What is 0 - (-10 + 2 - (33 + -34))?
7
-19 + 14 + 18 - 2
11
What is the value of (19 - (20 + 19)) + 10?
-10
Evaluate -19 + 20 + -25 + 29.
5
Calculate -11 + 18 + -13 + 3.
-3
Calculate (9 - (-8 - -8)) + 9 + 0.
18
-15 + (31 + -45 - (-8 - -2))
-23
-9 + 13 + (1 + 2 - (-6 + 6))
7
What is the value of -4 + (-21 - -33 - 1)?
7
(20 - (5 + 10) - 47) + 16
-26
-126 + 123 - (-3 + -3 - -2)
1
What is the value of 0 + -20 - (-2 + -12)?
-6
Calculate -2 - 11 - (2 + 1 + 1 - 5).
-12
Evaluate -5 - ((4 - (5 + -4)) + 2 - 4).
-6
0 + -30 + 12 + 23
5
What is the value of -66 + (12 - -23) - -57?
26
(-67 - -27) + 35 + 28
23
Evaluate 10 + 6 + 16 + -37.
-5
Calculate (7 - (7 + -2)) + -15 + -1.
-14
Calculate 12 + -16 + 2 - 5 - (1 + -7).
-1
-2 - (-18 + 2 + -39 + 52)
1
What is 1 - 15 - (22 + 3 + -36)?
-3
Evaluate -4 + 1 - (32 + -28).
-7
10 - (5 + 4 + -3 + -2)
6
What is the value of -27 - 4 - -26 - (0 + -30 + 2)?
23
2 + -4 + 4 - -1 - 8
-5
What is 6 + -10 + 3 - (4 - (21 - 1))?
15
What is the value of (-2 - (14 - -4)) + 28?
8
Evaluate 1 - (-2 - ((-11 - (0 + -2)) + 23)).
17
Calculate -14 + -1 + (3 - (38 + -23)).
-27
What is the value of 18 - 3 - 15 - 5?
-5
What is (-2 - (-2 + 28)) + (209 - 208)?
-27
Evaluate 26 + 1 + -5 + -5.
17
What is -9 - (-5 + (3 - -15) - 4)?
-18
What is the value of -176 + 197 - (8 + -4)?
17
What is the value of -12 + 20 + 12 + -16 + -9?
-5
Evaluate -2 + -1 + 20 - (15 - (20 - 11)).
11
-1 + (-26 - 1) + 12
-16
Evaluate -63 + 69 - (-2 - ((-3 - 3) + 3)).
5
What is the value of -9 + -11 - (-74 - -55)?
-1
Calculate (2 + 4 + -5 - 8) + (3 - -8).
4
Evaluate 7 - ((-34 - -25) + -9).
25
Calculate 7 - 0 - (75 + -65) - -5 - -19.
21
Evaluate 13 - (15 - 1) - 3.
-4
What is the value of 3 + (7 - -11) + -46?
-25
Calculate 0 + (14 + (-20 - -2) - (13 + 1)).
-18
Calculate -12 + ((-14 - -18) + 10 - -16).
18
Calculate (-9 - -3) + (10 - 10) + 10.
4
Evaluate 2 - (9 + -15) - -5.
13
7 + (5 - (5 - -4 - 4) - -5)
12
What is the value of (6 - (11 - (-4 + 10))) + -34 - -6?
-27
What is the value of -150 + 146 + -5 + 0?
-9
What is the value of 8 + -21 + (-1 - 6) + -2 + -1?
-23
What is 6 - (0 + 6 + 1 - 0) - 13?
-14
Evaluate 1 + 1 + -14 + 3 + 12 + 15.
18
Evaluate 70 + -59 - (29 - 0) - -10.
-8
Calculate -8 - (1 - ((-1 - 9) + -34 + 39)).
-14
Evaluate (59 - 70) + (-2 - -14) + 4 - 0.
5
What is the value of 1 + (-2 + -4 - -10 - -10)?
15
What is (-134 - -125 - (1 + -16)) + 6 + -1?
11
Calculate -5 + -149 + 155 + -5 + -1.
-5
Calculate -2 - -38 - (201 - 139).
-26
Evaluate ((-1 - -6) + -3 - -18) + 1 + -8.
13
Evaluate -7 - (2 + -8 - -7) - (-13 - -9).
-4
Evaluate 17 + -20 - (-2 - 2) - (12 - 3).
-8
What is the value of -4 + -27 - (100 + -116 - (1 - 8))?
-22
Calculate 0 + ((1 - 9) + 6 - -12).
10
Calculate (0 - 5) + (-6 + 3 + 4 - -6).
2
What is 5 + 0 - 6 - (-8 + 2) - -6?
11
What is -3 + -8 + (26 - 12)?
3
What is the value of 6 + (15 - 24) - 6 - -2?
-7
21 + 11 + -6 + (-6 - 4) + 7
23
Calculate -9 + 1 - -4 - (4 - 5).
-3
What is the value of (-2 - -2) + -5 + (11 - -49 - 15)?
40
Calculate (-1 - 27) + 26 + -15.
-17
What is the value of -2 + (3 - 2) - (57 - 53)?
-5
Calculate 1 - ((-16 - -6) + 8 + -5).
8
What is the value of -15 - (20 + -64 + 22)?
7
Evaluate (5 - 32 - -61) + -16.
18
What is the value of 12 + (26 - 11) + 3 + -10?
20
Calculate 35 + -3 - (64 + -11).
-21
Evaluate 9 - (0 - 5 - -18 - (2 + 3)).
1
-164 + 160 + 8 + -4 + 4
4
What is -6 + (41 + -38 + -1 + 1 - -3)?
0
Evaluate (1 + -7 - 0) + (8 + 19 - 18).
3
(4 - -8 - (-20 + 9 - -5)) + 3
21
-54 + (8 - 5) - (-25 + 6)
-32
Calculate 62 + -13 + -24 - 37.
-12
Calculate -7 - (2 - (-12 - -3) - 14).
-4
Evaluate 0 + -10 + (13 - (7 - 7)).
3
-33 + (0 - (-47 - -3))
11
2 + 0 + 0 + 153 + -157
-2
Evaluate (6 - 0) + (0 - 0) - 6.
0
37 + -7 + (-7 + -2 - (-6 - -1))
26
2 + 6 + 0 + -4 + (-21 - -15)
-2
-11 + 12 - (-1 - 1) - 8 - -9
4
5 + (17 + -11 - 13)
-2
16 + -5 + -3 + 4
12
What is 13 + (-19 - -40) + -60?
-26
What is the value of -3 + (0 - 2) + -4 + 13 + -10?
-6
What is the value of 0 + (15 - -21) - 22?
14
Evaluate 5 + 3 - (12 + (3 - 19)).
12
-15 - 12 - ((-3 - -5) + -2 - 1)
-26
What is the value of (2 - -3) + -11 - (6 - -4)?
-16
Calculate (-9 - 19 - -17) + 28.
17
What is -10 - -16 - ((-7 - (1 + -7)) + 7)?
0
What is the value of (-44 - -13) + 23 + (17 - 0)?
9
Evaluate -5 + (3 - 11) + (-21 - -27).
-7
Calculate 85 + -47 + -14 + -65.
-41
What is -9 + (6 - 3) + -21?
-27
Evaluate 8 - (-30 + 19) - 17.
2
22 - ((-2 - 29) + 42)
11
Evaluate 24 - (17 + -32 + 17).
22
-1353 + 1356 - (1 + 1 + -13)
14
Evaluate 0 - (10 - (15 - 16)).
-11
Evaluate -75 + 76 + (0 - (-3 + 1 + 8)).
-5
(0 - 12) + (-2179 - -2199)
8
Calculate (10 - 1 - 4) + 8 - -5.
18
Evaluate (6 + 0 - (2 - (2 + -23))) + 4.
-13
What is (-10 - (-6 + 0 + -12)) + 30?
38
-6 + 10 + (-4 - -1)
1
1 - (8 + -9 + 7) - -19
14
What is 10 - (7 + 2 - (-9 - -14)) - -13?
19
Evaluate -1 + -3 - (10 - (-9 - (-26 - 4))).
7
Calculate (4 - (7 - -3 - (0 - -1))) + 9.
4
(24 + -15 - (17 - 2)) + -9
-15
What is the value of -256 + 260 - (-1 + -15)?
20
-7 + -12 + 25 + (4 - -1) + -6
5
What is the value of 11 + (2 - 4) + (3 - (-11 + 1))?
22
Calculate -5 + ((-2 - -4) + (7 - 8) - -13).
9
What is 32 - ((2 - -26) + -21)?
25
26 + -20 - (1 + 1 + 1 + 1)
2
(-14 - -8) + (-13 + 7 - -8)
-4
Evaluate -95 + 39 - 15 - -44.
-27
Evaluate -5 - (-5 + 1) - (2 + 2) - -3.
-2
What is (-10 - (-15 + 9)) + 7 + 15 + -7?
11
Calculate -3 - -1 - (-7 - -10 - 2).
-3
-9 + (-5 - -1 - (8 + -4))
-17
1 - 8 - ((21 - (20 + -12)) + -11)
-9
What is the value of 10 - (24 + -15 + 28)?
-27
4 - 11 - (8 - (1 - (8 - 4)))
-18
Evaluate -72 - (-21 + -11) - -32.
-8
Calculate -10 - 11 - (9 - 0) - -16.
-14
Evaluate -3 - -33 - 29 - (1 - 13) - -9.
22
Evaluate -17 + -1 + 16 + -12 - (-10 + 7).
-11
What is 24 - (3 - -21) - -18?
18
What is -9 - (-17 + -11) - 20?
-1
11 - -2 - ((21 - (14 + 10)) + 2)
14
Calculate -20 + (34 + -6 - 22) + -1 + -3.
-18
34 - ((51 - 19) + 35)
-33
What is the value of 6 - (33 - (1 + 19 - (42 - 31)))?
-18
What is the value of -25 - -22 - (-1 - (-11 + 13))?
0
What is the value of 29 + -41 + -4 - 0?
-16
What is 7 + -1 + (9 + -2 - 9) + 0?
4
(-12 - -11) + 7 + 6 + 1
13
-1 + 3 - ((-16 - -13) + -6)
11
What is the value of 1 - -2 - (122 - 98) - (2 - -6)?
-29
Calculate -1 - (4 + -7 + 3).
-1
-7 - 8 - (13 + -46)
18
Calculate 5 + (-11 + 1 - (-351 - -335)).
11
What is the value of (-38 - -20) + (8 - -8)?
-2
1 - ((9 - 15) + 3 + 0 + 1)
3
What is (-1 - 5) + 500 + -481?
13
0 - -6 - 1 - (-9 + -6 + 8)
12
What is 7 - ((9 - (10 - 1)) + 5)?
2
What is (1 - 37) + (-23 - -65 - 28)?
-22
37 - (28 + 7 + -25)
27
Wha